 prime factors of u(q).
5, 13
Let y = -15 - -18. Let h(i) = 10*i**2 - 3 + 0 + y*i - 5*i**2. What are the prime factors of h(2)?
23
Let t(m) = m**2 - 12*m + 1. Suppose y = -4*y - 25, 0 = -3*g + 2*y + 55. What are the prime factors of t(g)?
2, 23
Suppose -5*j + s + 33 = 0, -3 = -s - 1. Let o(y) = -y**3 + 15*y**2 - 13*y - 9. Let n be o(14). Suppose n*t - 8 = j. List the prime factors of t.
3
Suppose 0 = 5*a - 20, m - 237 - 377 = 3*a. What are the prime factors of m?
2, 313
Let s(g) = 33*g**2 - 131*g + 2. What are the prime factors of s(6)?
2, 101
Suppose -4*b = -0*b + 4*o - 15884, 4*o - 4 = 0. List the prime factors of b.
2, 5, 397
Suppose 0 = 3*x - 44 + 44. Suppose -4*c = -3*i + 1, -2 = -c - x. What are the prime factors of i?
3
Let w(v) = -2*v**2 - 17*v - 15. Let n be w(-8). Let o be (-2)/(0 + (-2)/(-4)). Let h = o - n. What are the prime factors of h?
3
Let j = -43 + 47. Suppose -4*v = u - 163, j*v + 330 - 52 = 2*u. List the prime factors of u.
3, 7
Suppose -4000 = -7*t + 5366. List the prime factors of t.
2, 3, 223
Suppose 0 = 5*n - 175 - 2285. What are the prime factors of n?
2, 3, 41
Let t(s) = 2*s**2 - s - 2. Suppose 2*r = -r, -2*r = 3*m - 6. Let y be t(m). Suppose -y*p - 75 = -7*p - 5*o, -3*p + 2*o = -75. What are the prime factors of p?
5
Let b(d) = -d**3 + 6*d**2 - 3*d - 5. Let p be b(5). Suppose 0*q - 5*q = 5*y - 250, q = -p*y + 266. List the prime factors of y.
2, 3
Let k(g) = g**2 - 19*g - 11. Let f be k(18). Let m = f + 53. What are the prime factors of m?
2, 3
Let j be 33/12 + -2 - 6846/(-24). Let s = -189 + j. What are the prime factors of s?
97
Let c = 65 - 35. Let v = c - 16. List the prime factors of v.
2, 7
Let w = -87 - -45. Suppose -5*y + 106 = -224. Let a = w + y. What are the prime factors of a?
2, 3
Suppose 2067 = 18*g - 2469. What are the prime factors of g?
2, 3, 7
Suppose a + a = 6. Let w be 669 - (0 - a)/(-1). List the prime factors of 4/14 + w/21.
2
Suppose 2*h + 2*o - 12 = 0, -5*o - 1 + 4 = -4*h. Suppose -h*q - 4*j = -5*j - 209, -2*j = 2*q - 134. Let f = q + -36. What are the prime factors of f?
3, 11
Suppose 4*n + o = 21, 3*n - 4*n = -2*o + 6. Suppose n*q - 3*w = 844, -q + 0*w = -w - 210. Suppose -q = -4*c - 6. List the prime factors of c.
2, 13
Let n = -3 + 6. Let v(a) = -2*a + 12. Let u be v(6). Suppose u = -4*y + 3*l + 48, n*l + 14 - 2 = 0. What are the prime factors of y?
3
Let t = -26 - -20. List the prime factors of (1652/42)/((-4)/t).
59
Let f = 64 + -66. List the prime factors of f + -207*(2 - 3).
5, 41
Let c(p) = 53*p**2 + 2*p - 4. List the prime factors of c(-4).
2, 11, 19
Suppose 12*o - 102112 = -4*o. What are the prime factors of o?
2, 3191
What are the prime factors of (1 + (-5)/2)/(20/(-20160))?
2, 3, 7
What are the prime factors of (-34)/119 + 3/(-7)*-3895?
1669
Suppose 14 = 5*p + 4*u, 0*u - 2 = -2*u. Suppose 5*i - 415 = -p*w, 0 = -6*i + 2*i - w + 335. What are the prime factors of i?
5, 17
Let j = -654 - -1301. What are the prime factors of j?
647
Suppose -a = -r - 4669, 4*a + 174*r - 18700 = 172*r. List the prime factors of a.
4673
Let m(l) = -1175*l + 472. List the prime factors of m(-4).
2, 3, 431
Let h be 3 - (-4 - -2)/(-2). List the prime factors of 1 - (1 + (-52)/h).
2, 13
List the prime factors of (-6 - -1)*(773/(-5) + 1).
2, 3
Let y(m) = -57*m**3 - 2*m**2 - 3*m - 2. Let n be 7/(-5) - 28/(-70). List the prime factors of y(n).
2, 7
Suppose -2*s = -0*s - 4. Suppose s*p = 19 + 1. What are the prime factors of (p/(-6))/(4/(-60))?
5
Let k(o) = -o - 31. Let s be k(0). Let b = s + 169. What are the prime factors of b?
2, 3, 23
Suppose 30*a - 4737 = 52323. List the prime factors of a.
2, 3, 317
Let n(b) = -b**3 + 34*b**2 - 25*b - 82. What are the prime factors of n(14)?
2, 109
Let r(i) be the third derivative of i**6/120 - i**5/20 + i**4/8 + 2*i**3/3 + 2*i**2. Let v be r(5). Suppose -3*t = -0*t - v. What are the prime factors of t?
23
Let k = -63 + 59. Let c(s) = -3*s**3 - 5*s**2 - 9. What are the prime factors of c(k)?
103
Suppose 5*s + 43 = -4*p, 2*p + 7 + 13 = -4*s. Let d = 49 + p. Suppose -5*g + 73 = -d. List the prime factors of g.
2, 11
Suppose 3*z - 124 = 4*p, 4*z = -4*p + p + 157. Let u = 6 + z. List the prime factors of u.
2, 23
Let b(h) = 4*h**2 + 135*h + 347. What are the prime factors of b(-54)?
4721
What are the prime factors of (-2135)/(-9) - (-12)/(-54)?
3, 79
Suppose -2*v = -4*v - 6. Let x(b) = -3*b - 6. What are the prime factors of x(v)?
3
Suppose -3*x = -16 + 4. What are the prime factors of 4 + x + -5 + -1?
2
Let h(q) = 17*q - 98. What are the prime factors of h(17)?
191
Let h = 93 + -181. Let j = -56 - h. What are the prime factors of j?
2
List the prime factors of (-4)/((-120)/3402) + 8/(-20).
113
Suppose 378 = -k + 9*g - 8*g, 4*g + 1480 = -4*k. Let p = k + 665. List the prime factors of p.
3, 97
Suppose -40*n - 14063 = -74903. What are the prime factors of n?
3, 13
Let r = 21 + -14. Suppose 4*h - 5*h = -17. Let c = r + h. What are the prime factors of c?
2, 3
Suppose -c - 2*g + 2 - 7 = 0, -5*c = 3*g - 3. Suppose -30 = -2*h - 3*a, c*h - 15 = -5*a + 32. Suppose h = j - 13. List the prime factors of j.
2, 11
Suppose x - 226 = -2*l + 96, -12 = 3*l. What are the prime factors of x?
2, 3, 5, 11
Suppose 0 = 2*z - 6*z + 136. Suppose 8 = 2*w - z. List the prime factors of w.
3, 7
Suppose 0 = -5*y + 982 + 1138. Suppose -426*c = -y*c - 498. List the prime factors of c.
3, 83
Suppose -5*u + 4*n + 2003 = 0, u - 2*u = -n - 400. Suppose t - 324 = -4*f - t, 2*t = -5*f + u. What are the prime factors of f?
79
Let q = 990 + -301. List the prime factors of q.
13, 53
Let n(v) = v**2 + 8*v - 7. Let c be n(-9). Suppose -2*r + 30 = -c*s, -s - 2*r - 45 = 2*s. What are the prime factors of (-4)/(-20) + (-387)/s?
2, 13
Suppose -2 = -2*g, 0 = z - 3*g + g - 89. Suppose -f + 128 = 4*p, 3*p = -0*p - 2*f + z. What are the prime factors of p?
3, 11
Let b = -1 + -4. Let a = 113 + b. What are the prime factors of a?
2, 3
Let t = -994 - -1405. List the prime factors of -1*2 + 2/6*t.
3, 5
Let k(d) = -1319*d**3 - 3*d**2 - 11*d - 8. What are the prime factors of k(-1)?
1319
Let v(s) = s - 1. Let y(b) = -4*b + 3. Let m(q) = 7*v(q) + 2*y(q). Let x be m(-4). Suppose -x*z + 2 + 22 = 0. List the prime factors of z.
2
Suppose -14 - 1 = 3*j. Let q = j - -23. List the prime factors of q.
2, 3
Let u(z) = -z + 3. Let d(m) = 2. Let j(a) = 4*d(a) - 3*u(a). What are the prime factors of j(4)?
11
Suppose 12 = -4*i, -2*d + 3*i + 9 = -d. Suppose d = 2*f + 3 - 9. Suppose f*b - 18 = 18. List the prime factors of b.
2, 3
Suppose 0 = 8*n + 6*n - 42. List the prime factors of (-8)/((-8)/n) - 228/(-2).
3, 13
Let a(q) = -215*q + 59. What are the prime factors of a(-14)?
3, 11, 31
Let u = 37 + -8. Let c = 74 - 74. Let j = c + u. What are the prime factors of j?
29
Suppose 15 = 3*q, 9*q = -4*o + 5*q + 272. Suppose -5*z + y = 171, -5*z + y - 163 = -2*y. Let x = z + o. What are the prime factors of x?
2, 7
Suppose -6*j = -2043 - 1749. What are the prime factors of j?
2, 79
Suppose 0 = 2*j + m - 3, -5*j - 3 = 3*m - 8. Let b be (j/20)/(3/345). Suppose -3*t + b = -88. List the prime factors of t.
37
Let c = 195 - 76. Suppose 0 = 3*p - c - 70. List the prime factors of p.
3, 7
Let a(m) = 34*m**2 + 21*m - 181. List the prime factors of a(10).
3, 127
Let h = 14 - 13. Suppose v + 4*r = -4, v - 4*v = r + h. Suppose 5*y - 5*q - 77 - 33 = v, 0 = 5*y - 2*q - 122. List the prime factors of y.
2, 13
Let n(f) be the first derivative of 4*f**3/3 + f**2 + f + 4. Let i be n(-1). Suppose i + 14 = g. What are the prime factors of g?
17
Let i be (-170)/(-6) - 2/6. Let m be (-8)/i + 464/7. Suppose 3*n + 160 = 5*f - 2*n, n + m = 2*f. List the prime factors of f.
2, 17
Let w = 12 - 8. Suppose 5*f = 4*f + w. Suppose f*l - t - 34 = 3*l, -2*l + 5*t + 74 = 0. What are the prime factors of l?
2
Suppose -2*w + 7*w + 2*v - 59 = 0, -46 = -4*w - v. Suppose 4*z - 118 = 2*z - 5*o, -z + 4*o = -59. Suppose -z = -3*c - w. List the prime factors of c.
2
Suppose -7*j + 5 = -2. What are the prime factors of 81 + 1 + j*4?
2, 43
Let a be 10/8*72/6. Suppose -a*c = -10*c - 385. Let w = 110 - c. What are the prime factors of w?
3, 11
Let f(d) be the first derivative of -23*d**2/2 - 8*d - 26. What are the prime factors of f(-4)?
2, 3, 7
Suppose 542 = -26*d + 2518. List the prime fa